rue
Is 8105029249 a prime number?
False
Is 23022461083 a prime number?
True
Is 54229361 prime?
True
Is 3292335877 a prime number?
False
Is 114191993 a composite number?
False
Is 44943501553 prime?
False
Is 2480387519 prime?
True
Is 31552109 composite?
True
Is 478236113 a composite number?
False
Is 353067749 a composite number?
True
Is 2704773091 composite?
False
Is 116247553057 a composite number?
False
Is 60474827 prime?
False
Is 495753574 composite?
True
Is 897883997 composite?
False
Is 1910869253 a prime number?
True
Is 107549891 prime?
True
Is 41224608526 composite?
True
Is 42340757309 prime?
False
Is 3230418833 prime?
True
Is 32019818023 a composite number?
True
Is 27151829831 a composite number?
True
Is 571371883 composite?
False
Is 51216717665 a prime number?
False
Is 912442789 a composite number?
True
Is 269630003 composite?
True
Is 1482668047 prime?
False
Is 2986824749 composite?
True
Is 7030767274 composite?
True
Is 397070417 prime?
False
Is 3851273641 prime?
False
Is 655409539 prime?
True
Is 308290831 prime?
True
Is 7876293671 prime?
True
Is 23724432547 a composite number?
True
Is 2835980317 composite?
True
Is 58230624191 composite?
False
Is 468211472935 composite?
True
Is 796024499 prime?
True
Is 1028708389 prime?
False
Is 49002453683 prime?
True
Is 11102092813 prime?
False
Is 30468708923 composite?
True
Is 321382543 prime?
True
Is 689276941 composite?
False
Is 36861738517 a composite number?
False
Is 833369639 composite?
False
Is 9641944157 a prime number?
False
Is 99849587009 a prime number?
True
Is 221052199 prime?
False
Is 6091832469 a prime number?
False
Is 5992030013 prime?
False
Is 34594089 a composite number?
True
Is 1133645011 prime?
True
Is 634183097 a prime number?
False
Is 55650631 composite?
False
Is 6297062987 composite?
True
Is 17047160351 prime?
False
Is 30772479911 composite?
False
Is 3911347477 composite?
True
Is 41057955277 prime?
True
Is 8844246601 prime?
True
Is 1740442801 composite?
True
Is 29430637699 a prime number?
False
Is 139056319 a prime number?
False
Is 86197247 prime?
True
Is 89884926905 composite?
True
Is 41350534699 composite?
False
Is 955753103 a composite number?
True
Is 7272151261 a composite number?
False
Is 13786519687 a composite number?
True
Is 253747088891 prime?
True
Is 68689233691 a prime number?
False
Is 1857888421 a composite number?
True
Is 477543038289 a prime number?
False
Is 180731061111 a composite number?
True
Is 16306785331 a composite number?
True
Is 28448589289 prime?
False
Is 19714375399 composite?
False
Is 953289187 prime?
False
Is 768122779 a prime number?
True
Is 458193389723 a prime number?
True
Is 4950389427 a prime number?
False
Is 15438022799 prime?
True
Is 1180948859 composite?
True
Is 48416377 a prime number?
True
Is 1429253407 prime?
True
Is 2781694247 a composite number?
False
Is 1545226763 a prime number?
True
Is 328584853 a composite number?
True
Is 392187647 a composite number?
True
Is 2308735573 prime?
False
Is 11340274553 a composite number?
True
Is 95089461 composite?
True
Is 25185124751 a composite number?
False
Is 1057259755 a composite number?
True
Is 539567309 a composite number?
True
Is 2794225411 prime?
True
Is 255039569 prime?
False
Is 7814534509 a prime number?
True
Is 204346669 a prime number?
False
Is 25012104173 a prime number?
False
Is 9314064367 a composite number?
True
Is 586166903 a prime number?
False
Is 9731955559 a composite number?
True
Is 6710541113 a prime number?
True
Is 15558983 a prime number?
False
Is 175989247 a composite number?
True
Is 4493178355 prime?
False
Is 53712117583 a composite number?
True
Is 227140903 composite?
True
Is 4151008193 a prime number?
True
Is 113697583 a composite number?
False
Is 1084671821 prime?
False
Is 611092583 prime?
False
Is 35318438009 a composite number?
True
Is 1958747306 a prime number?
False
Is 289134101 a prime number?
True
Is 282026387 a prime number?
True
Is 5698276007 prime?
True
Is 29197084993 a composite number?
False
Is 1883718943 prime?
True
Is 9013557551 a composite number?
True
Is 21723218705 a prime number?
False
Is 620283089 composite?
False
Is 2231722769 a prime number?
True
Is 666320503 prime?
True
Is 43227926435 a composite number?
True
Is 947475511 composite?
False
Is 664062127 prime?
True
Is 7488889985 prime?
False
Is 621868829 a composite number?
True
Is 20613530129 composite?
False
Is 3459536107 prime?
True
Is 774570101 composite?
False
Is 3267865823 prime?
False
Is 12746479303 prime?
False
Is 8437794935 a composite number?
True
Is 5469704851 prime?
False
Is 2250958327 prime?
False
Is 251661049 prime?
True
Is 304594217 a composite number?
True
Is 7452117089 prime?
True
Is 3277692377 a composite number?
False
Is 4260510193 prime?
False
Is 125297459491 composite?
False
Is 35071608801 prime?
False
Is 52273301 prime?
True
Is 1430242067 prime?
False
Is 267827824919 prime?
True
Is 19452817199 a prime number?
False
Is 31497578663 composite?
False
Is 6271583069 prime?
True
Is 2195472103 a prime number?
False
Is 213332059 a prime number?
False
Is 13368007843 a prime number?
True
Is 1884893753 composite?
False
Is 6872850223 a composite number?
False
Is 7859025299 prime?
False
Is 394094711 prime?
True
Is 43163056439 a composite number?
True
Is 3490886417 composite?
False
Is 212136641 a composite number?
False
Is 103109777 prime?
False
Is 28802044723 a composite number?
False
Is 71477926591 a composite number?
False
Is 147302715077 prime?
False
Is 11020145915 a prime number?
False
Is 913748933 composite?
False
Is 28309779209 a composite number?
False
Is 58664976347 a prime number?
False
Is 6811161277 composite?
False
Is 3545673121 a prime number?
True
Is 70964338309 composite?
True
Is 564546613 prime?
False
Is 59855762107 a prime number?
True
Is 12486675821 prime?
False
Is 1210066859 a composite number?
False
Is 5594868533 composite?
False
Is 28211119771 composite?
False
Is 1337361109 prime?
False
Is 13748695105 prime?
False
Is 13012133369 prime?
True
Is 14918906021 a prime number?
False
Is 1057880721 composite?
True
Is 2399526841 composite?
True
Is 58385328322 prime?
False
Is 205957926957 prime?
False
Is 78286982611 a prime number?
True
Is 68198869 prime?
True
Is 34466741479 a composite number?
False
Is 1188282827 composite?
False
Is 2667125449 composite?
True
Is 1997269877 a composite number?
False
Is 153362753 a prime number?
False
Is 464166973 a composite number?
True
Is 19560681893 a prime number?
True
Is 204619981 a composite number?
False
Is 5247832913 prime?
False
Is 1929623473 composite?
False
Is 21272624657 a composite number?
True
Is 39621741 prime?
False
Is 2146439107 prime?
True
Is 73308307 a prime number?
False
Is 2077850563 composite?
True
Is 35474907579 a prime number?
False
Is 21959619361 a prime number?
True
Is 8134168681 composite?
False
Is 2648587547 a composite number?
True
Is 97548696529 composite?
True
Is 16792808639 a prime number?
True
Is 493821931 a prime number?
True
Is 44327273617 composite?
True
Is 1325149369 a composite number?
True
Is 96376021351 composite?
True
Is 621362398 a prime number?
False
Is 6388280957 a composite number?
False
Is 7465841599 composite?
True
Is 12411053714 a prime number?
False
Is 32711939959 a prime number?
False
Is 57736489 prime?
True
Is 139336129 prime?
False
Is 423342359 a composite number?
True
Is 1103601463 a composite number?
False
Is 6983806195 a prime number?
False
Is 9072825227 prime?
True
Is 4190901235 prime?
False
Is 10202816149 prime?
True
Is 294116243 a prime number?
True
Is 324619491301 composite?
True
Is 42114587539 prime?
True
Is 3811116313 a composite number?
True
Is 1285062007 composite?
True
Is 40556730271 prime?
True
Is 720398983 a composite number?
False
Is 1325982829 a prime number?
True
Is 22850461343 a composite number?
True
Is 2438634889 a prime number?
False
Is 1114140467 a prime number?
False
Is 26303722463 a prime number?
True
Is 4555874717 prime?
True
Is 158365807 prime?
True
Is 2253969391 a composite number?
False
Is 195471995201 a composite number?
True
Is 57568921 a prime number?
True
Is 18705423305 prime?
False
Is 20219438653 composite?
False
Is 5535704501 composite?
True
Is 672824303 prime?
True
Is 149113817 a composite number?
True
Is 28864005889 prime?
True
Is 411029627 prime?
True
Is 3475721573 